{"id":13815,"date":"2024-04-08T12:02:24","date_gmt":"2024-04-08T10:02:24","guid":{"rendered":"http:\/\/pasarelagasteizon.com\/wordpress\/?page_id=13815"},"modified":"2025-10-28T14:37:36","modified_gmt":"2025-10-28T13:37:36","slug":"jueves-10","status":"publish","type":"page","link":"http:\/\/pasarelagasteizon.com\/wordpress\/jueves-10\/","title":{"rendered":"Jueves 6"},"content":{"rendered":"<p>Ver el desfile en directo <a href=\"https:\/\/www.youtube.com\/live\/Ay1S14jmXuw\">AQU\u00cd<\/a><\/p>\n<p>Entrega del premio al\/la modelo con mayor proyecci\u00f3n \/ Proiekzio handieneko modeloari saria<\/p>\n<p>\u2022 TENDENCIAS \/ JOERAK: Presentaci\u00f3n de las Tendencias de la temporada con prendas de comercios locales.*<\/p>\n<p>\u2022 LORENA BOUTIQUE: Ort\u00edz de Z\u00e1rate, 11<\/p>\n<p>\u2022 BUSHI SPORT: Basoa, 9<\/p>\n<p>\u2022 LILROUSSE: San Prudencio 31, Planta 3 Oficina 61 (Edificio \u00d3pera)<\/p>\n<p>\u2022 MODA MAR\u00cdA JES\u00daS: Portal de Foronda, 32<\/p>\n<p>&nbsp;<\/p>\n<p>*En los pases desfilar\u00e1n personas pertenecientes a la ONCE (Organizaci\u00f3n Nacional de Ciegos Espa\u00f1oles)<\/p>\n<p>&nbsp;<\/p>\n<p>CALZADO \/ OINETAKOAK: CALZADOS PASOS<\/p>\n<p>PELUQUER\u00cdA Y MAQUILLAJE \/ HILEAPAINDEGIA ETA MAKILLAJEA: ETERNIAN KREATIVOS<\/p>\n<p>MANICURA \/ MANIKURA: CENTRO GLOW<\/p>\n","protected":false},"excerpt":{"rendered":"<p>Ver el desfile en directo AQU\u00cd Entrega del premio al\/la modelo con mayor proyecci\u00f3n \/ Proiekzio handieneko modeloari saria \u2022 TENDENCIAS \/ JOERAK: Presentaci\u00f3n de las Tendencias de la temporada con prendas de comercios locales.* \u2022 LORENA BOUTIQUE: Ort\u00edz de Z\u00e1rate, 11 \u2022 BUSHI SPORT: Basoa, 9 \u2022 LILROUSSE: San Prudencio 31, Planta 3 Oficina 61 (Edificio \u00d3pera) \u2022 MODA MAR\u00cdA JES\u00daS: Portal de Foronda, 32 &nbsp; *En los pases desfilar\u00e1n personas pertenecientes a la ONCE (Organizaci\u00f3n Nacional de Ciegos Espa\u00f1oles) &nbsp; CALZADO \/ OINETAKOAK: CALZADOS PASOS PELUQUER\u00cdA Y MAQUILLAJE&hellip;<\/p>\n","protected":false},"author":1,"featured_media":0,"parent":0,"menu_order":0,"comment_status":"closed","ping_status":"closed","template":"","meta":{"footnotes":""},"class_list":["post-13815","page","type-page","status-publish","hentry"],"yoast_head":"<!-- This site is optimized with the Yoast SEO plugin v27.4 - https:\/\/yoast.com\/product\/yoast-seo-wordpress\/ -->\n<title>Jueves 6 - Pasarela Gasteiz On<\/title>\n<meta name=\"robots\" content=\"index, follow, max-snippet:-1, max-image-preview:large, max-video-preview:-1\" \/>\n<link rel=\"canonical\" href=\"http:\/\/pasarelagasteizon.com\/wordpress\/jueves-10\/\" \/>\n<meta property=\"og:locale\" content=\"es_ES\" \/>\n<meta property=\"og:type\" content=\"article\" \/>\n<meta property=\"og:title\" content=\"Jueves 6 - Pasarela Gasteiz On\" \/>\n<meta property=\"og:description\" content=\"Ver el desfile en directo AQU\u00cd Entrega del premio al\/la modelo con mayor proyecci\u00f3n \/ Proiekzio handieneko modeloari saria \u2022 TENDENCIAS \/ JOERAK: Presentaci\u00f3n de las Tendencias de la temporada con prendas de comercios locales.* \u2022 LORENA BOUTIQUE: Ort\u00edz de Z\u00e1rate, 11 \u2022 BUSHI SPORT: Basoa, 9 \u2022 LILROUSSE: San Prudencio 31, Planta 3 Oficina 61 (Edificio \u00d3pera) \u2022 MODA MAR\u00cdA JES\u00daS: Portal de Foronda, 32 &nbsp; *En los pases desfilar\u00e1n personas pertenecientes a la ONCE (Organizaci\u00f3n Nacional de Ciegos Espa\u00f1oles) &nbsp; CALZADO \/ OINETAKOAK: CALZADOS PASOS PELUQUER\u00cdA Y MAQUILLAJE&hellip;\" \/>\n<meta property=\"og:url\" content=\"http:\/\/pasarelagasteizon.com\/wordpress\/jueves-10\/\" \/>\n<meta property=\"og:site_name\" content=\"Pasarela Gasteiz On\" \/>\n<meta property=\"article:modified_time\" content=\"2025-10-28T13:37:36+00:00\" \/>\n<meta name=\"twitter:label1\" content=\"Tiempo de lectura\" \/>\n\t<meta name=\"twitter:data1\" content=\"1 minuto\" \/>\n<script type=\"application\/ld+json\" class=\"yoast-schema-graph\">{\"@context\":\"https:\\\/\\\/schema.org\",\"@graph\":[{\"@type\":\"WebPage\",\"@id\":\"http:\\\/\\\/pasarelagasteizon.com\\\/wordpress\\\/jueves-10\\\/\",\"url\":\"http:\\\/\\\/pasarelagasteizon.com\\\/wordpress\\\/jueves-10\\\/\",\"name\":\"Jueves 6 - Pasarela Gasteiz On\",\"isPartOf\":{\"@id\":\"http:\\\/\\\/pasarelagasteizon.com\\\/wordpress\\\/#website\"},\"datePublished\":\"2024-04-08T10:02:24+00:00\",\"dateModified\":\"2025-10-28T13:37:36+00:00\",\"breadcrumb\":{\"@id\":\"http:\\\/\\\/pasarelagasteizon.com\\\/wordpress\\\/jueves-10\\\/#breadcrumb\"},\"inLanguage\":\"es\",\"potentialAction\":[{\"@type\":\"ReadAction\",\"target\":[\"http:\\\/\\\/pasarelagasteizon.com\\\/wordpress\\\/jueves-10\\\/\"]}]},{\"@type\":\"BreadcrumbList\",\"@id\":\"http:\\\/\\\/pasarelagasteizon.com\\\/wordpress\\\/jueves-10\\\/#breadcrumb\",\"itemListElement\":[{\"@type\":\"ListItem\",\"position\":1,\"name\":\"Portada\",\"item\":\"http:\\\/\\\/pasarelagasteizon.com\\\/wordpress\\\/\"},{\"@type\":\"ListItem\",\"position\":2,\"name\":\"Jueves 6\"}]},{\"@type\":\"WebSite\",\"@id\":\"http:\\\/\\\/pasarelagasteizon.com\\\/wordpress\\\/#website\",\"url\":\"http:\\\/\\\/pasarelagasteizon.com\\\/wordpress\\\/\",\"name\":\"Pasarela Gasteiz On\",\"description\":\"Pasarela de Moda de Vitoria-Gasteiz, Pais Vasco, Euskadi\",\"publisher\":{\"@id\":\"http:\\\/\\\/pasarelagasteizon.com\\\/wordpress\\\/#organization\"},\"potentialAction\":[{\"@type\":\"SearchAction\",\"target\":{\"@type\":\"EntryPoint\",\"urlTemplate\":\"http:\\\/\\\/pasarelagasteizon.com\\\/wordpress\\\/?s={search_term_string}\"},\"query-input\":{\"@type\":\"PropertyValueSpecification\",\"valueRequired\":true,\"valueName\":\"search_term_string\"}}],\"inLanguage\":\"es\"},{\"@type\":\"Organization\",\"@id\":\"http:\\\/\\\/pasarelagasteizon.com\\\/wordpress\\\/#organization\",\"name\":\"Pasarela Gasteiz On\",\"url\":\"http:\\\/\\\/pasarelagasteizon.com\\\/wordpress\\\/\",\"logo\":{\"@type\":\"ImageObject\",\"inLanguage\":\"es\",\"@id\":\"http:\\\/\\\/pasarelagasteizon.com\\\/wordpress\\\/#\\\/schema\\\/logo\\\/image\\\/\",\"url\":\"https:\\\/\\\/i0.wp.com\\\/pasarelagasteizon.com\\\/wordpress\\\/wp-content\\\/uploads\\\/2021\\\/09\\\/cropped-Logo-transparente-1-e1631584688615.png?fit=92%2C34\",\"contentUrl\":\"https:\\\/\\\/i0.wp.com\\\/pasarelagasteizon.com\\\/wordpress\\\/wp-content\\\/uploads\\\/2021\\\/09\\\/cropped-Logo-transparente-1-e1631584688615.png?fit=92%2C34\",\"width\":92,\"height\":34,\"caption\":\"Pasarela Gasteiz On\"},\"image\":{\"@id\":\"http:\\\/\\\/pasarelagasteizon.com\\\/wordpress\\\/#\\\/schema\\\/logo\\\/image\\\/\"}}]}<\/script>\n<!-- \/ Yoast SEO plugin. -->","yoast_head_json":{"title":"Jueves 6 - Pasarela Gasteiz On","robots":{"index":"index","follow":"follow","max-snippet":"max-snippet:-1","max-image-preview":"max-image-preview:large","max-video-preview":"max-video-preview:-1"},"canonical":"http:\/\/pasarelagasteizon.com\/wordpress\/jueves-10\/","og_locale":"es_ES","og_type":"article","og_title":"Jueves 6 - Pasarela Gasteiz On","og_description":"Ver el desfile en directo AQU\u00cd Entrega del premio al\/la modelo con mayor proyecci\u00f3n \/ Proiekzio handieneko modeloari saria \u2022 TENDENCIAS \/ JOERAK: Presentaci\u00f3n de las Tendencias de la temporada con prendas de comercios locales.* \u2022 LORENA BOUTIQUE: Ort\u00edz de Z\u00e1rate, 11 \u2022 BUSHI SPORT: Basoa, 9 \u2022 LILROUSSE: San Prudencio 31, Planta 3 Oficina 61 (Edificio \u00d3pera) \u2022 MODA MAR\u00cdA JES\u00daS: Portal de Foronda, 32 &nbsp; *En los pases desfilar\u00e1n personas pertenecientes a la ONCE (Organizaci\u00f3n Nacional de Ciegos Espa\u00f1oles) &nbsp; CALZADO \/ OINETAKOAK: CALZADOS PASOS PELUQUER\u00cdA Y MAQUILLAJE&hellip;","og_url":"http:\/\/pasarelagasteizon.com\/wordpress\/jueves-10\/","og_site_name":"Pasarela Gasteiz On","article_modified_time":"2025-10-28T13:37:36+00:00","twitter_misc":{"Tiempo de lectura":"1 minuto"},"schema":{"@context":"https:\/\/schema.org","@graph":[{"@type":"WebPage","@id":"http:\/\/pasarelagasteizon.com\/wordpress\/jueves-10\/","url":"http:\/\/pasarelagasteizon.com\/wordpress\/jueves-10\/","name":"Jueves 6 - Pasarela Gasteiz On","isPartOf":{"@id":"http:\/\/pasarelagasteizon.com\/wordpress\/#website"},"datePublished":"2024-04-08T10:02:24+00:00","dateModified":"2025-10-28T13:37:36+00:00","breadcrumb":{"@id":"http:\/\/pasarelagasteizon.com\/wordpress\/jueves-10\/#breadcrumb"},"inLanguage":"es","potentialAction":[{"@type":"ReadAction","target":["http:\/\/pasarelagasteizon.com\/wordpress\/jueves-10\/"]}]},{"@type":"BreadcrumbList","@id":"http:\/\/pasarelagasteizon.com\/wordpress\/jueves-10\/#breadcrumb","itemListElement":[{"@type":"ListItem","position":1,"name":"Portada","item":"http:\/\/pasarelagasteizon.com\/wordpress\/"},{"@type":"ListItem","position":2,"name":"Jueves 6"}]},{"@type":"WebSite","@id":"http:\/\/pasarelagasteizon.com\/wordpress\/#website","url":"http:\/\/pasarelagasteizon.com\/wordpress\/","name":"Pasarela Gasteiz On","description":"Pasarela de Moda de Vitoria-Gasteiz, Pais Vasco, Euskadi","publisher":{"@id":"http:\/\/pasarelagasteizon.com\/wordpress\/#organization"},"potentialAction":[{"@type":"SearchAction","target":{"@type":"EntryPoint","urlTemplate":"http:\/\/pasarelagasteizon.com\/wordpress\/?s={search_term_string}"},"query-input":{"@type":"PropertyValueSpecification","valueRequired":true,"valueName":"search_term_string"}}],"inLanguage":"es"},{"@type":"Organization","@id":"http:\/\/pasarelagasteizon.com\/wordpress\/#organization","name":"Pasarela Gasteiz On","url":"http:\/\/pasarelagasteizon.com\/wordpress\/","logo":{"@type":"ImageObject","inLanguage":"es","@id":"http:\/\/pasarelagasteizon.com\/wordpress\/#\/schema\/logo\/image\/","url":"https:\/\/i0.wp.com\/pasarelagasteizon.com\/wordpress\/wp-content\/uploads\/2021\/09\/cropped-Logo-transparente-1-e1631584688615.png?fit=92%2C34","contentUrl":"https:\/\/i0.wp.com\/pasarelagasteizon.com\/wordpress\/wp-content\/uploads\/2021\/09\/cropped-Logo-transparente-1-e1631584688615.png?fit=92%2C34","width":92,"height":34,"caption":"Pasarela Gasteiz On"},"image":{"@id":"http:\/\/pasarelagasteizon.com\/wordpress\/#\/schema\/logo\/image\/"}}]}},"jetpack_sharing_enabled":true,"_links":{"self":[{"href":"http:\/\/pasarelagasteizon.com\/wordpress\/wp-json\/wp\/v2\/pages\/13815","targetHints":{"allow":["GET"]}}],"collection":[{"href":"http:\/\/pasarelagasteizon.com\/wordpress\/wp-json\/wp\/v2\/pages"}],"about":[{"href":"http:\/\/pasarelagasteizon.com\/wordpress\/wp-json\/wp\/v2\/types\/page"}],"author":[{"embeddable":true,"href":"http:\/\/pasarelagasteizon.com\/wordpress\/wp-json\/wp\/v2\/users\/1"}],"replies":[{"embeddable":true,"href":"http:\/\/pasarelagasteizon.com\/wordpress\/wp-json\/wp\/v2\/comments?post=13815"}],"version-history":[{"count":11,"href":"http:\/\/pasarelagasteizon.com\/wordpress\/wp-json\/wp\/v2\/pages\/13815\/revisions"}],"predecessor-version":[{"id":14091,"href":"http:\/\/pasarelagasteizon.com\/wordpress\/wp-json\/wp\/v2\/pages\/13815\/revisions\/14091"}],"wp:attachment":[{"href":"http:\/\/pasarelagasteizon.com\/wordpress\/wp-json\/wp\/v2\/media?parent=13815"}],"curies":[{"name":"wp","href":"https:\/\/api.w.org\/{rel}","templated":true}]}}